Suppose 0 = -3*n - 2*o + 16, 2*n - 7*o + 3*o - 32 = 0. What is the greatest common factor of 64 and n?
8
Suppose 5*k - 17 = 48. Let n(s) = -15*s + 23. Let q be n(-8). What is the highest common divisor of q and k?
13
Let c be 5/10 - 6/(-4). Let x = 13 + c. Suppose 171 = 4*o - 189. What is the highest common divisor of o and x?
15
Suppose 2*h = -3*h + 55. Suppose 0 = 2*d - 0*v + 5*v + 14, -3*d = 5*v + h. What is the greatest common factor of d and 9?
3
Suppose 3*g + 292 = -g. Let s = 165 - 26. Let j = s + g. What is the greatest common divisor of 6 and j?
6
Suppose 2*n - 68 + 18 = -5*s, -s = -4. What is the highest common divisor of 15 and n?
15
Let g = 36 + -8. Suppose -9 = -2*q - 5*o, -11 = -2*q - 3*o - 0*o. What is the highest common divisor of g and q?
7
Let i be (9/(-2))/((30/12)/(-5)). What is the highest common factor of 18 and i?
9
Suppose -2*k + 29 = 71. Let f be 62*((-2)/4)/(-1). Let u = f + k. What is the highest common factor of 10 and u?
10
Suppose 3*o + 3 = -6. Let x = o + 3. Let c be (x + (-10)/(-4))*2. Calculate the greatest common factor of c and 10.
5
Let l(f) = 3*f**3 - 4*f**2 + 4*f - 2. Let p be l(2). Let j = -35 - -63. Calculate the highest common divisor of p and j.
14
Let d be ((-2)/2 + 1)/(-1). Suppose d = -2*c - 2*n + 16, 0*c - 18 = -4*c + 3*n. Let m = 13 + -4. What is the greatest common divisor of c and m?
3
Let n be (12/10)/(1/(-20)). Let s = 34 + n. What is the greatest common factor of s and 90?
10
Let v(c) = 2*c**2 + 7*c + 6. Suppose b = 4*h - 22, -3*b = -0*h + 3*h + 6. Let s be v(b). What is the greatest common factor of s and 18?
18
Let c(g) = -12*g - 2. Let d be c(2). Let a = -18 - d. Let t = a + -7. What is the highest common factor of 7 and t?
1
Suppose -2*h = -2*u - 7*h - 10, -2*u + 3*h + 6 = 0. Suppose u = -4*d + 115 + 53. What is the highest common divisor of 6 and d?
6
Suppose 0*v = -2*v + 80. Let r = -13 - -29. Calculate the greatest common factor of r and v.
8
Let w = -51 + 69. Calculate the highest common divisor of 18 and w.
18
Let i(g) = g**3 - 10*g**2 + g - 2. Let h be i(10). Suppose 0 = -h*w + 3*w + 400. Calculate the highest common factor of w and 10.
10
Let i be 224/(-10) + (-4)/(-10). Let c = -6 - i. What is the highest common factor of c and 64?
16
Suppose 4*q - 83 = -27. Calculate the greatest common factor of q and 35.
7
Suppose 5*s = s + 8. Suppose -s*j + 5*t = -48, j - 6 = -0*j - 2*t. What is the greatest common divisor of j and 14?
14
Suppose 6 + 0 = i. Let b be 24/(3/1) + 0. Let s = 14 - b. Calculate the greatest common factor of s and i.
6
Let d = -8 + 22. What is the highest common factor of d and 14?
14
Suppose 2*n - 74 = -2*h, 4*h = -2*n + 6*h + 86. Calculate the highest common divisor of n and 10.
10
Suppose 10*n - 20 = 5*n + 5*q, 0 = 2*q + 6. What is the highest common factor of n and 10?
1
Suppose 0 = -6*a + 206 + 226. What is the highest common factor of 8 and a?
8
Let s = 22 - 13. What is the highest common divisor of 36 and s?
9
Suppose 8 = -0*v + 2*v. Suppose 2*c = -4, -c + v*c = 3*i - 6. Suppose 6*r - 8*r + 330 = i. Calculate the highest common divisor of 15 and r.
15
Let x = -18 - -25. Let s be (-2 + x + -2)*81. Suppose 0*y = 3*y - s. Calculate the highest common factor of y and 9.
9
Let w = 83 + -69. Calculate the highest common factor of w and 154.
14
Let s be (54/(-3))/(3/(-33)). Calculate the highest common divisor of s and 18.
18
Suppose -j - 4*j + 75 = 0. What is the highest common factor of j and 15?
15
Let p be 84/4*2/3. Let u = 3 + -3. Let w be 14/(3 + u + -2). What is the greatest common divisor of p and w?
14
Let j(s) = -s - 1. Let u be j(-8). Calculate the highest common divisor of 56 and u.
7
Let k(l) be the second derivative of 2*l**3 + 2*l**2 + l. Let v be k(3). Calculate the highest common divisor of 5 and v.
5
Suppose 48 = 4*y + 4*r, -4*y = y + r - 56. Let f = 9 + y. Calculate the greatest common factor of 100 and f.
20
Let p = 16 + -11. Suppose 5*o + 3*d + 335 = 137, -20 = -p*d. Let z = -29 - o. Calculate the greatest common divisor of 117 and z.
13
Let n(u) = -u**2 + 10*u + 6. Let o be n(8). What is the greatest common factor of 110 and o?
22
Let q = 2 - -1. Suppose -q*z + z = 0. Suppose 0 = -z*l + 2*l - 30. Calculate the greatest common divisor of l and 105.
15
Let d(u) = -12*u - 1. Let t = -3 - -1. Let h be d(t). Let r = -10 + h. What is the greatest common divisor of r and 65?
13
Let p = 398 + -278. What is the greatest common factor of 30 and p?
30
Let m be (-3 + 2)/(1/(-8)). Suppose -2*r + 0*r - 18 = 0. Let v = -5 - r. What is the greatest common factor of m and v?
4
Let b = -12 + 18. Suppose h = b*h - 105. Calculate the greatest common factor of h and 21.
21
Let p(u) = u**2 - 6*u + 9. Suppose 4*i + 0*i - 48 = 0. Let a be p(i). What is the greatest common factor of a and 9?
9
Suppose -3*s = -2*s - 17. Let o(k) = 2*k + 119. Let z be o(0). What is the greatest common factor of s and z?
17
Let b be ((-44)/(-10))/((-8)/80). Let q = b + 80. Suppose 2*v + 0*v + 50 = 2*y, -5*v = -y + 29. What is the greatest common divisor of q and y?
12
Suppose -j = -2*x - 14, -4*j + 56 = -0*x - 2*x. Let l = 402 - 248. Calculate the greatest common divisor of j and l.
14
Let q = -4 - -6. Suppose -3*c = -d - 22, 4*c = -d + q*d + 28. What is the highest common divisor of 1 and c?
1
Let d(u) = -34*u + 4. Let v be d(-2). Let g = 24 + -16. Calculate the highest common factor of g and v.
8
Let x = -60 - -69. Calculate the highest common divisor of x and 99.
9
Suppose 3*d - 122 + 38 = 0. Let p be (-624)/(-9) - 4/(-6). Calculate the highest common divisor of d and p.
14
Let s = 13 + -13. Suppose s = -5*z - 3*u + 467, -5*u - 34 = -z + 37. What is the highest common factor of 13 and z?
13
Let o(j) = -j**3 + 5*j**2 + 6*j - 14. Let f be o(5). Calculate the highest common divisor of f and 48.
16
Let b = 77 - -19. Calculate the highest common divisor of 12 and b.
12
Suppose 3*g - 12 = 2*g. What is the highest common factor of g and 6?
6
Suppose 10 = -5*s + 35. Suppose s*g - 33 = 2*g. Let c be 86 + 2 + -1 + 1. Calculate the greatest common factor of g and c.
11
Let s(m) = m**2 + 10*m + 11. Let t be s(-10). Let k be (1 + 1)/(4/176). Calculate the highest common divisor of t and k.
11
Let a = -5 - -14. Calculate the highest common factor of a and 18.
9
Let v = -12 - -26. Calculate the greatest common factor of v and 42.
14
Let t(p) = 27*p**2 - 3*p - 4. Let a be t(-3). Let c be (62/(-3))/(4/(-18)*3). What is the greatest common factor of a and c?
31
Suppose 17*a - 9 = 14*a. Let s(n) = 6*n**3 - n. Let x be s(1). Suppose -4*b + x + 55 = 0. What is the highest common factor of a and b?
3
Let g(q) = -q**3 - 4*q**2 + 6*q + 2. Let b be g(-6). Suppose -2*p = -4*p + b. What is the highest common factor of p and 57?
19
Suppose 2*b - b - 32 = 0. Suppose -o - b = -j, -2*o + 108 = 3*j - o. What is the highest common divisor of 7 and j?
7
Let y(f) = -2*f - 16. Let v be y(-10). What is the highest common factor of v and 28?
4
Suppose -4*f = -363 + 11. What is the greatest common factor of 11 and f?
11
Let o(l) = l**2 - 8*l + 1. Let q = -14 - -22. Let v be o(q). Calculate the highest common divisor of v and 9.
1
Suppose 4*v - 17 + 1 = 0. Let t(n) = n**2 - 4. Let x be t(6). What is the highest common divisor of v and x?
4
Let f = -26 + 71. Suppose 0*c = 5*c - f. Calculate the highest common divisor of 27 and c.
9
Suppose -21*g + 28*g = 112. What is the greatest common factor of g and 104?
8
Suppose -3*n - n + 44 = 0. Let s be (((-1155)/10)/(-7))/((-1)/(-2)). Calculate the highest common divisor of n and s.
11
Suppose -5*r = 5*r - 360. Let q(h) be the second derivative of h**4/6 + h**3 + h**2/2 + 2*h. Let a be q(-4). What is the greatest common factor of r and a?
9
Let w(i) = i**2 - i - 1. Let a be w(-1). Calculate the greatest common divisor of 4 and a.
1
Let p be (-18)/45 + 88/(-5). Let h be (-562)/(-7) - p/(-63). What is the highest common factor of 32 and h?
16
Let m = 366 - 78. Calculate the greatest common factor of 36 and m.
36
Let w be ((-15)/9)/(5/15). Let f(g) = 8*g**2 + 7*g + 6. Let k be f(w). Calculate the greatest common factor of 19 and k.
19
Let p be 81/1 + 100/(-20). Calculate the highest common factor of 57 and p.
19
Let b be (-5320)/(-22) + (-46)/(-253). Let y(t) = -7*t + 1. Let h be y(